se 10?
1645054
Convert 1a13b5 (base 12) to base 13.
1308c5
-a0773 (base 15) to base 2
-1111100000000011101
3bc211 (base 13) to base 15
1db096
-10001101011200 (base 3) to base 2
-110001011110110101110
What is -140021212 (base 5) in base 16?
-ac02d
What is -11001220211 (base 3) in base 12?
-3a457
What is -5350cb (base 13) in base 12?
-7a2470
Convert 6855 (base 14) to base 8.
43273
Convert -1100111010100001111 (base 2) to base 9.
-714443
What is 63e5f (base 16) in base 15?
8138d
What is 600602 (base 15) in base 9?
8515762
Convert 2177c (base 14) to base 7.
455215
52444 (base 11) to base 8
225157
-399e1 (base 15) to base 7
-1365601
What is -6105050 (base 7) in base 11?
-455322
Convert 125343 (base 10) to base 5.
13002333
-4021121240 (base 5) to base 4
-132132123101
Convert -154631 (base 11) to base 4.
-322223110
What is 1805ac7 (base 14) in base 11?
6762624
What is 141629 (base 12) in base 8?
1215101
What is -24321433 (base 6) in base 11?
-488683
Convert 74837 (base 13) to base 4.
303103001
Convert 1211022120111 (base 3) to base 11.
603350
Convert -a7e7 (base 15) to base 2.
-1000101011010110
What is -33253a4 (base 11) in base 4?
-112100120022
-23183 (base 11) to base 10
-33487
Convert 301213550 (base 6) to base 16.
4dde6a
What is -114783 (base 10) in base 16?
-1c05f
Convert 91552 (base 10) to base 9.
148524
What is 2005417 (base 9) in base 11?
66960a
52401e (base 15) to base 7
45151145
What is c876 (base 13) in base 6?
332433
Convert 245651 (base 10) to base 15.
4cbbb
What is -78723 (base 13) in base 6?
-4404323
Convert 1100001010101100100 (base 2) to base 5.
100224232
-253312 (base 6) to base 16
-590c
Convert -11021301 (base 6) to base 12.
-13a831
What is 8944952 (base 10) in base 9?
17743145
Convert -1fe0ec (base 16) to base 7.
-23520644
Convert -110011101101111110001010 (base 2) to base 16.
-cedf8a
Convert 70d58 (base 15) to base 14.
94355
-840743 (base 14) to base 16
-4404d7
What is -11330622 (base 10) in base 4?
-223032100332
203312300031 (base 4) to base 5
4401234214
31566 (base 15) to base 11
a7617
What is -645c36 (base 13) in base 2?
-1000111110111101110100
11357551 (base 9) to base 13
11b8052
What is -4114030110 (base 5) in base 11?
-479023a
What is -1642198 (base 11) in base 7?
-32536200
Convert 211002121102 (base 3) to base 16.
6a2ef
1225565 (base 7) to base 8
464570
What is 41b17a6 (base 12) in base 14?
1915850
Convert 1420333134 (base 5) to base 4.
32003103120
What is -121330111320 (base 4) in base 5?
-3220111020
Convert 133001442 (base 5) to base 13.
1a6c09
2122222211002 (base 3) to base 9
2588732
What is 4e145 (base 15) in base 4?
331002320
What is 3764731 (base 9) in base 11?
1180670
d566 (base 14) to base 3
1212101211
3417362 (base 11) to base 2
10110110100110000101100
What is -605548 (base 10) in base 16?
-93d6c
What is 73b2b (base 13) in base 8?
627036
-4e129 (base 16) to base 14
-8477b
What is -705687 (base 10) in base 5?
-140040222
220a474 (base 12) to base 8
30577030
Convert 73972 (base 14) to base 13.
99cc2
Convert -445678 (base 13) to base 11.
-a00833
What is -422c37 (base 14) in base 3?
-11012121020110
What is dbbc (base 14) in base 5?
2203434
522b56 (base 12) to base 14
258558
Convert 112022123231 (base 4) to base 15.
79b6bb
10b682 (base 12) to base 3
111122201122
What is -5253044 (base 6) in base 8?
-763764
Convert 41b758 (base 13) to base 4.
11313301110
Convert -10001101000001011101110 (base 2) to base 3.
-22200202212120
What is -112105 (base 9) in base 13?
-24749
What is -10001101101000000 (base 2) in base 13?
-2700b
-10010111011101111 (base 2) to base 7
-442045
Convert -26376738 (base 9) to base 15.
-1216a8e
Convert -11010000101100100100 (base 2) to base 10.
-854820
Convert -46798 (base 13) to base 2.
-11111011011011110
Convert -55194 (base 11) to base 13.
-2a5b4
What is 14165350 (base 7) in base 2?
101000100000010010001
-5033353 (base 8) to base 10
-1324779
Convert -7325824 (base 9) to base 14.
-73c8b5
Convert 102010022 (base 4) to base 5.
4331434
Convert -2141132143 (base 5) to base 9.
-8636515
15c746 (base 13) to base 10
541703
Convert 2210101011 (base 3) to base 9.
83334
What is 325331 (base 10) in base 3?
121112021022
Convert 735034 (base 8) to base 3.
110102001101
Convert 20504741 (base 8) to base 13.
b98aa5
What is -2011101111121 (base 3) in base 2?
-100011000100101010111
What is -425577 (base 8) in base 11?
-9792a
Convert -115221323 (base 6) to base 16.
-21bdf3
What is -11734757 (base 8) in base 4?
-21323213233
-202022001000 (base 3) to base 15
-7d599
-4bd99 (base 15) to base 12
-b8546
Convert 112ba1 (base 13) to base 4.
1203023132
233447 (base 11) to base 3
200211022012
Convert 12846 (base 11) to base 2.
100011110010001
What is -54222253 (base 6) in base 9?
-3015556
5ca34 (base 14) to base 4
313123012
Convert -20121112212 (base 3) to base 7.
-1051325
What is 13031103114 (base 5) in base 13?
339c4a9
db196 (base 16) to base 3
1200121001011
Convert -10114544 (base 7) to base 8.
-3161160
Convert -4a08490 (base 11) to base 10.
-8707985
Convert -1151253111 (base 6) to base 13.
-2981272
3985845 (base 11) to base 13
15727c8
Convert -536444 (base 7) to base 13.
-33752
What is 1001111101010100000101 (base 2) in base 11?
1523295
What is 1100000001011011 (base 2) in base 16?
c05b
-1204242 (base 5) to base 2
-101011110101111
d8b73 (base 16) to base 11
556a10
-9214 (base 16) to base 14
-d8b2
Convert -1060243 (base 7) to base 15.
-29274
What is -aaa34 (base 11) in base 6?
-3241115
-49a216 (base 13) to base 15
-24cc68
246660405 (base 7) to base 2
111011101011100110111101
What is -110211021220221 (base 3) in base 9?
-13737827
-3345102 (base 8) to base 14
-1974d4
What is 1546136 (base 7) in base 10?
213422
What is fa01 (base 16) in base 3?
10020210102
11201112021 (base 3) to base 11
63937
What is 27521600 (base 9) in base 7?
223363224
What is -211122101002 (base 3) in base 6?
-13315215
-61258 (base 11) to base 7
-521611
17044267 (base 8) to base 11
2259304
Convert -211020020002021 (base 3) to base 12.
-3b58b37
What is -122010101210 (base 3) in base 16?
-524c1
20ddb7 (base 16) to base 5
1022411121
12110020111121 (base 3) to base 6
142041154
Convert -13020222233 (base 4) to base 11.
-1068385
Convert -4022222 (base 11) to base 7.
-114335340
10221020021 (base 4) to base 13
337c4c
Convert -16d455 (base 15) to base 16.
-10e80c
104610 (base 7) to base 5
1042410
211212120101 (base 3) to base 8
1557240
Convert 1010010000111010000 (base 2) to base 9.
562326
Convert -61444440 (base 7) to base 11.
-2999835
What is 1123203 (base 5) in base 16?
4fcc
What is -10a5b5 (base 14) in base 10?
-566403
What is 12143676 (base 9) in base 10?
5933886
Convert -1000110001110101111000 (base 2) to base 6.
-121154104
What is -6bc8 (base 16) in base 10?
-27592
-575003 (base 10) to base 15
-b5588
-45b66 (base 16) to base 4
-1011231212
Convert -4576563 (base 10) to base 16.
-45d533
What is -652008 (base 10) in base 13?
-19aa06
Convert -1389145 (base 11) to base 16.
-246077
What is 1a365 (base 16) in base 13?
39b3b
What is -11101111111001111110 (base 2) in base 4?
-3233321332
What is -61bb00 (base 12) in base 10?
-1534320
Convert -2b7b235 (base 12) to base 5.
-4232423414
What is 71278 (base 10) in base 11?
49609
What is -6139299 (base 11) in base 6?
-1024252021
What is -10100101011010001110 (base 2) in base 9?
-1242337
What is -1011101100100000000111 (base 2) in base 12?
-103a287
3516303 (base 7) to base 6
13244223
Convert -2527031 (base 8) to base 2.
-10101010111000011001
What is -22122220 (base 3) in base 8?
-14253
-125002 (base 10) to base 3
-20100110201
What is -48619 (base 13) in base 8?
-403370
-225378 (base 9) to base 3
-20212102122
What is -1a89397 (base 12) in base 4?
-111210323203
Convert -110000000101001000 (base 2) to base 4.
-300011020
29102 (base 13) to base 8
226412
Convert 4102014 (base 5) to base 4.
100011130
-b591 (base 16) to base 15
-db8b
What is 1964a0b (base 13) in base 6?
454550445
What is -110011100101010 (base 2) in base 4?
-12130222
-243440204 (base 5) to base 2
-100011010001001011111
What is -13b4938 (base 14) in base 5?
-4423001444
What is 13071534 (base 8) in base 3?
12111000001012
What is 65d63 (base 15) in base 2?
1001111000000111011
What is 47970 (base 12) in base 6?
2022220
Convert -3348436 (base 10) to base 12.
-1155904
-